{"id":6499,"date":"2025-05-15T13:09:45","date_gmt":"2025-05-15T11:09:45","guid":{"rendered":"https:\/\/www.lovgasmstore.com\/?post_type=product&#038;p=6499"},"modified":"2025-05-15T13:09:45","modified_gmt":"2025-05-15T11:09:45","slug":"jamyjob-storm-10","status":"publish","type":"product","link":"https:\/\/www.lovgasmstore.com\/index.php\/prodotto\/jamyjob-storm-10\/","title":{"rendered":"JAMYJOB &#8211; STORM 10"},"content":{"rendered":"<p>Il masturbatore automatico a forma di bocca\u00a0<strong>per uomo STORM\u00a0<\/strong>del marchio\u00a0<strong>JAMYJOB\u00a0<\/strong>\u00e8 un dispositivo innovativo ed elegante, progettato per offrire un&#8217;esperienza stimolante e piacevole di alta qualit\u00e0. Con un design nero e rosso e dettagli rossi, questo masturbatore combina estetica e funzionalit\u00e0 in un unico prodotto.<\/p>\n<p>&nbsp;<\/p>\n<p><u><strong>CARATTERISTICHE:<\/strong><\/u><\/p>\n<ul>\n<li><strong>Design moderno:<\/strong>\u00a0Prevalentemente nero, con accenti rossi che aggiungono un tocco audace e accattivante. Questo look sobrio ed elegante lo rende visivamente accattivante e sobrio.<\/li>\n<li><strong>Materiali di alta qualit\u00e0:\u00a0<\/strong>L&#8217;interno \u00e8 realizzato in silicone trasparente, una texture morbida, sicura e piacevole al tatto che garantisce un&#8217;esperienza realistica e confortevole, adattandosi perfettamente alle diverse dimensioni.<\/li>\n<li><strong>Motore potente:<\/strong>\u00a0Dotato di un potente motore che garantisce prestazioni solide e costanti, fornendo un&#8217;intensa stimolazione durante l&#8217;uso.<\/li>\n<li><strong>10 modalit\u00e0 di rotazione e 10 modalit\u00e0 di spinta:\u00a0<\/strong>Lo\u00a0<strong>STORM\u00a0<\/strong>dispone di dieci diverse modalit\u00e0 di spinta, progettate per soddisfare le preferenze di ogni utente, da battiti fluidi e costanti a stimoli pi\u00f9 veloci e intensi.<\/li>\n<li><strong>Controllo del livello<\/strong>: l&#8217;utente pu\u00f2 facilmente regolare i livelli di intensit\u00e0 e velocit\u00e0 in base alle proprie preferenze, consentendo di personalizzare l&#8217;esperienza con precisione.<\/li>\n<li><strong>Forte sistema di aspirazione:<\/strong>\u00a0Questo masturbatore incorpora una forte funzione di aspirazione che completa il movimento di spinta, fornendo una sensazione avvolgente e stimolante.<\/li>\n<li><strong>USB ricaricabile:<\/strong>\u00a0Lo\u00a0<strong>STORM\u00a0<\/strong>\u00e8 completamente ricaricabile tramite una porta USB, il che lo rende facile da usare senza la necessit\u00e0 di batterie usa e getta e offre il vantaggio di essere portatile ed economico a lungo termine.<\/li>\n<li><strong>Facile da pulire:\u00a0<\/strong>Il design del masturbatore \u00e8 pensato per essere facile da smontare e pulire, garantendo un&#8217;igiene ottimale dopo ogni utilizzo, che ne prolunga la durata e mantiene la sicurezza dell&#8217;utente.<\/li>\n<li><strong>Privo di ftadi e materiale ABS.<\/strong><\/li>\n<li><strong>Impermeabile<\/strong>: questo masturbatore pu\u00f2 essere utilizzato nei tuoi momenti pi\u00f9 intimi&#8230;<\/li>\n<\/ul>\n<p>Questo dispositivo \u00e8 l&#8217;ideale per chi cerca un prodotto affidabile, efficiente ed elegante, che offra un&#8217;esperienza personalizzata e piacevole.<\/p>\n<p>&nbsp;<\/p>\n<p><strong>MATERIALE E CURA<\/strong><\/p>\n<p><strong>Jamyjob<\/strong>\u00a0\u00e8 un giocattolo impermeabile realizzato in silicone medico morbido e setoso, che \u00e8 estremamente scivoloso e assorbe rapidamente il calore dal tuo corpo. Il giocattolo pu\u00f2 essere facilmente pulito con un po&#8217; di sapone sotto l&#8217;acqua tiepida. Con un po&#8217; di detergente disinfettante per giocattoli, \u00e8 possibile garantire un&#8217;igiene particolarmente accurata, idealmente con lo spray disinfettante perfettamente coordinato di Waterfeel. Per il massimo piacere, usa sempre il tuo giocattolo con uno dei lubrificanti a base d&#8217;acqua di Waterfeel che si adattano perfettamente al prodotto. Sono disponibili nelle versioni classica, setosa e calda. La composizione vegana a base d&#8217;acqua protegge il materiale e mantiene la superficie del tuo giocattolo bella e morbida.<\/p>\n","protected":false},"excerpt":{"rendered":"<p>Il masturbatore automatico a forma di bocca\u00a0per uomo STORM\u00a0del marchio\u00a0JAMYJOB\u00a0\u00e8 un dispositivo innovativo ed elegante, progettato per offrire un&#8217;esperienza stimolante e piacevole di alta qualit\u00e0. Con<span class=\"excerpt-hellip\"> [\u2026]<\/span><\/p>\n","protected":false},"featured_media":6500,"comment_status":"open","ping_status":"closed","template":"","meta":[],"product_brand":[],"product_cat":[229,220],"product_tag":[206,181,165,182],"class_list":{"0":"post-6499","1":"product","2":"type-product","3":"status-publish","4":"has-post-thumbnail","6":"product_cat-masturbatori","7":"product_cat-pene","8":"product_tag-masturbatore","9":"product_tag-pene","10":"product_tag-sextoys","11":"product_tag-uomo","13":"first","14":"instock","15":"taxable","16":"shipping-taxable","17":"purchasable","18":"product-type-simple"},"_links":{"self":[{"href":"https:\/\/www.lovgasmstore.com\/index.php\/wp-json\/wp\/v2\/product\/6499","targetHints":{"allow":["GET"]}}],"collection":[{"href":"https:\/\/www.lovgasmstore.com\/index.php\/wp-json\/wp\/v2\/product"}],"about":[{"href":"https:\/\/www.lovgasmstore.com\/index.php\/wp-json\/wp\/v2\/types\/product"}],"replies":[{"embeddable":true,"href":"https:\/\/www.lovgasmstore.com\/index.php\/wp-json\/wp\/v2\/comments?post=6499"}],"version-history":[{"count":1,"href":"https:\/\/www.lovgasmstore.com\/index.php\/wp-json\/wp\/v2\/product\/6499\/revisions"}],"predecessor-version":[{"id":6507,"href":"https:\/\/www.lovgasmstore.com\/index.php\/wp-json\/wp\/v2\/product\/6499\/revisions\/6507"}],"wp:featuredmedia":[{"embeddable":true,"href":"https:\/\/www.lovgasmstore.com\/index.php\/wp-json\/wp\/v2\/media\/6500"}],"wp:attachment":[{"href":"https:\/\/www.lovgasmstore.com\/index.php\/wp-json\/wp\/v2\/media?parent=6499"}],"wp:term":[{"taxonomy":"product_brand","embeddable":true,"href":"https:\/\/www.lovgasmstore.com\/index.php\/wp-json\/wp\/v2\/product_brand?post=6499"},{"taxonomy":"product_cat","embeddable":true,"href":"https:\/\/www.lovgasmstore.com\/index.php\/wp-json\/wp\/v2\/product_cat?post=6499"},{"taxonomy":"product_tag","embeddable":true,"href":"https:\/\/www.lovgasmstore.com\/index.php\/wp-json\/wp\/v2\/product_tag?post=6499"}],"curies":[{"name":"wp","href":"https:\/\/api.w.org\/{rel}","templated":true}]}}