{"id":4629,"date":"2024-06-05T14:10:51","date_gmt":"2024-06-05T12:10:51","guid":{"rendered":"http:\/\/www.lovgasmstore.com\/index.php\/prodotto\/pretty-love-flirtation-magical-massager\/"},"modified":"2025-05-14T12:25:36","modified_gmt":"2025-05-14T10:25:36","slug":"pretty-love-flirtation-magical-massager","status":"publish","type":"product","link":"https:\/\/www.lovgasmstore.com\/index.php\/prodotto\/pretty-love-flirtation-magical-massager\/","title":{"rendered":"PRETTY LOVE &#8211; FLIRTATION MAGICAL MASSAGER"},"content":{"rendered":"<p><meta charset=\"UTF-8\"><\/p>\n<p data-mce-fragment=\"1\">Pretty Love Magical \u00e8 un massaggiatore con testa e striature flessibili.<\/p>\n<p data-mce-fragment=\"1\">Questo vibratore impermeabile \u00e8 elastico e flessibile e la parte superiore pu\u00f2 raddoppiare in qualsiasi direzione per raggiungere in questo modo la zona desiderata.<\/p>\n<ul data-mce-fragment=\"1\">\n<li data-mce-fragment=\"1\">100% silicone medico<\/li>\n<li data-mce-fragment=\"1\">Tocco leggero<\/li>\n<li data-mce-fragment=\"1\">12 modalit\u00e0 di vibrazione<\/li>\n<li data-mce-fragment=\"1\">3 teste intercambiabili<\/li>\n<li data-mce-fragment=\"1\">Batterie: 4xAAA (non incluse, ma puoi trovarle nella sezione batterie)<\/li>\n<li data-mce-fragment=\"1\">Massaggiatore potente ed ergonomico<\/li>\n<\/ul>\n","protected":false},"excerpt":{"rendered":"<p>Pretty Love Magical \u00e8 un massaggiatore con testa e striature flessibili. Questo vibratore impermeabile \u00e8 elastico e flessibile e la parte superiore pu\u00f2 raddoppiare in qualsiasi<span class=\"excerpt-hellip\"> [\u2026]<\/span><\/p>\n","protected":false},"featured_media":5184,"comment_status":"open","ping_status":"closed","template":"","meta":[],"product_brand":[],"product_cat":[226],"product_tag":[170,188,165,204],"class_list":{"0":"post-4629","1":"product","2":"type-product","3":"status-publish","4":"has-post-thumbnail","6":"product_cat-massaggiatore","7":"product_tag-donna","8":"product_tag-massaggiatore","9":"product_tag-sextoys","10":"product_tag-vibrator","12":"first","13":"outofstock","14":"taxable","15":"shipping-taxable","16":"purchasable","17":"product-type-simple"},"_links":{"self":[{"href":"https:\/\/www.lovgasmstore.com\/index.php\/wp-json\/wp\/v2\/product\/4629","targetHints":{"allow":["GET"]}}],"collection":[{"href":"https:\/\/www.lovgasmstore.com\/index.php\/wp-json\/wp\/v2\/product"}],"about":[{"href":"https:\/\/www.lovgasmstore.com\/index.php\/wp-json\/wp\/v2\/types\/product"}],"replies":[{"embeddable":true,"href":"https:\/\/www.lovgasmstore.com\/index.php\/wp-json\/wp\/v2\/comments?post=4629"}],"version-history":[{"count":2,"href":"https:\/\/www.lovgasmstore.com\/index.php\/wp-json\/wp\/v2\/product\/4629\/revisions"}],"predecessor-version":[{"id":6038,"href":"https:\/\/www.lovgasmstore.com\/index.php\/wp-json\/wp\/v2\/product\/4629\/revisions\/6038"}],"wp:featuredmedia":[{"embeddable":true,"href":"https:\/\/www.lovgasmstore.com\/index.php\/wp-json\/wp\/v2\/media\/5184"}],"wp:attachment":[{"href":"https:\/\/www.lovgasmstore.com\/index.php\/wp-json\/wp\/v2\/media?parent=4629"}],"wp:term":[{"taxonomy":"product_brand","embeddable":true,"href":"https:\/\/www.lovgasmstore.com\/index.php\/wp-json\/wp\/v2\/product_brand?post=4629"},{"taxonomy":"product_cat","embeddable":true,"href":"https:\/\/www.lovgasmstore.com\/index.php\/wp-json\/wp\/v2\/product_cat?post=4629"},{"taxonomy":"product_tag","embeddable":true,"href":"https:\/\/www.lovgasmstore.com\/index.php\/wp-json\/wp\/v2\/product_tag?post=4629"}],"curies":[{"name":"wp","href":"https:\/\/api.w.org\/{rel}","templated":true}]}}