{"id":4579,"date":"2024-06-05T14:04:41","date_gmt":"2024-06-05T12:04:41","guid":{"rendered":""},"modified":"2025-05-15T09:38:22","modified_gmt":"2025-05-15T07:38:22","slug":"moressa-celso","status":"publish","type":"product","link":"https:\/\/www.lovgasmstore.com\/index.php\/prodotto\/moressa-celso\/","title":{"rendered":"MORESSA &#8211; CELSO"},"content":{"rendered":"<p><meta charset=\"UTF-8\"><\/p>\n<p style=\"text-align: center;\" data-mce-fragment=\"1\">Celso sar\u00e0 il tuo giocattolo preferito!<\/p>\n<p data-mce-fragment=\"1\">Una superficie compatta e liscia, con texture in rilievo sulla punta per una stimolazione intensa.<br data-mce-fragment=\"1\">Compatto! Con Celso nel palmo della mano, massaggia qualsiasi area esterna o inseriscila per piacere interno.<\/p>\n<p data-mce-fragment=\"1\">Potente grado di <strong>vibrazione silenziosa.<\/strong><\/p>\n<ul data-mce-fragment=\"1\">\n<li data-mce-fragment=\"1\">La sua testa flessibile e filamenti di silicone ti trasporteranno in nuove sensazioni di piacere che non hai ancora scoperto.<\/li>\n<li data-mce-fragment=\"1\">Un massaggio genitale o clitorideo, questo sar\u00e0 il vibratore perfetto per i principianti per sperimentare con i giocattoli o per gli utenti avanzati.<\/li>\n<\/ul>\n<p data-mce-fragment=\"1\">Celso \u00e8 in silicone liscio al 100%, ricaricabile tramite USB, con pulsanti LED retroilluminati per un facile utilizzo.<\/p>\n<ul data-mce-fragment=\"1\">\n<li data-mce-fragment=\"1\">Silicone di grado medico liscio al 100%<\/li>\n<li data-mce-fragment=\"1\">30 funzioni vibranti<\/li>\n<li data-mce-fragment=\"1\">Misure totali: 16 cm x 35 cm<\/li>\n<li data-mce-fragment=\"1\">Peso: 95 grammi<\/li>\n<li data-mce-fragment=\"1\">Resistente all&#8217;acqua<\/li>\n<li data-mce-fragment=\"1\">Il materiale \u00e8 sicuro per uso personale<\/li>\n<li data-mce-fragment=\"1\">Senza ftalati<\/li>\n<li data-mce-fragment=\"1\">Flessibile<\/li>\n<li data-mce-fragment=\"1\">USB ricaricabile (cavo incluso)<\/li>\n<li data-mce-fragment=\"1\">Ergonomicamente corretto<\/li>\n<li data-mce-fragment=\"1\">Controllo retroilluminato con luci LED<\/li>\n<\/ul>\n<div data-mce-fragment=\"1\"><strong data-mce-fragment=\"1\">Lavoro \/ Utilizzo<\/strong><\/div>\n<div data-mce-fragment=\"1\"><br data-mce-fragment=\"1\"><\/div>\n<div data-mce-fragment=\"1\">Per attivare il vibratore, premere il pulsante di accensione \/ spegnimento<img decoding=\"async\" src=\"https:\/\/www.lovgasmstore.com\/wp-content\/uploads\/2024\/06\/ENCENDIDO.jpg\" data-mce-fragment=\"1\" data-mce-src=\"https:\/\/www.lovgasmstore.com\/wp-content\/uploads\/2024\/06\/ENCENDIDO.jpg\"> per 2 secondi. Questo attiver\u00e0 le vibrazioni e si accender\u00e0 una luce rossa. Quindi premere il pulsante<img decoding=\"async\" src=\"https:\/\/www.lovgasmstore.com\/wp-content\/uploads\/2024\/06\/VIBRCION.jpg\" data-mce-fragment=\"1\" data-mce-src=\"https:\/\/www.lovgasmstore.com\/wp-content\/uploads\/2024\/06\/VIBRCION.jpg\"> pulsante per cambiare le modalit\u00e0 di vibrazione (30 modalit\u00e0). Una volta che Celso ha finito, premere il pulsante<img decoding=\"async\" src=\"https:\/\/www.lovgasmstore.com\/wp-content\/uploads\/2024\/06\/ENCENDIDO.jpg\" data-mce-fragment=\"1\" data-mce-src=\"https:\/\/www.lovgasmstore.com\/wp-content\/uploads\/2024\/06\/ENCENDIDO.jpg\"> per 3 secondi e si spegner\u00e0. \u00c8 progettato per stimolare il clitoride e massaggiare le zone erogene.<\/div>\n<div data-mce-fragment=\"1\"><br data-mce-fragment=\"1\"><\/div>\n<div data-mce-fragment=\"1\">\n<div data-mce-fragment=\"1\"><strong data-mce-fragment=\"1\">Ricarica<\/strong><\/div>\n<div data-mce-fragment=\"1\"><br data-mce-fragment=\"1\"><\/div>\n<div data-mce-fragment=\"1\">Il vibratore \u00e8 ricaricabile che consente una facile manipolazione, senza fastidiosi cavi. Prima di usarlo per la prima volta, dovresti caricarlo completamente. Utilizzare il cavo USB incluso per questo scopo.<\/div>\n<div data-mce-fragment=\"1\">RICARICA: inserire la spina del cavo USB nel foro di connessione per la ricarica<img decoding=\"async\" src=\"https:\/\/www.lovgasmstore.com\/wp-content\/uploads\/2024\/06\/CARGA.jpg\" data-mce-fragment=\"1\" data-mce-src=\"https:\/\/www.lovgasmstore.com\/wp-content\/uploads\/2024\/06\/CARGA.jpg\"> . Collegalo all&#8217;alimentazione con un connettore o un computer utilizzando l&#8217;USB. Quando il prodotto \u00e8 in modalit\u00e0 di carica, si accende una luce rossa. Quando la carica \u00e8 completa, la luce si spegne.<\/div>\n<div data-mce-fragment=\"1\">Attenzione: il primo processo di ricarica pu\u00f2 richiedere fino a otto ore.<\/div>\n<\/div>\n","protected":false},"excerpt":{"rendered":"<p>Celso sar\u00e0 il tuo giocattolo preferito! Una superficie compatta e liscia, con texture in rilievo sulla punta per una stimolazione intensa.Compatto! Con Celso nel palmo della<span class=\"excerpt-hellip\"> [\u2026]<\/span><\/p>\n","protected":false},"featured_media":5049,"comment_status":"open","ping_status":"closed","template":"","meta":[],"product_brand":[],"product_cat":[227,219,225],"product_tag":[170,206,165,178],"class_list":{"0":"post-4579","1":"product","2":"type-product","3":"status-publish","4":"has-post-thumbnail","6":"product_cat-dildo","7":"product_cat-vagina","8":"product_cat-vibratore","9":"product_tag-donna","10":"product_tag-masturbatore","11":"product_tag-sextoys","12":"product_tag-vibratore","14":"first","15":"instock","16":"taxable","17":"shipping-taxable","18":"purchasable","19":"product-type-simple"},"_links":{"self":[{"href":"https:\/\/www.lovgasmstore.com\/index.php\/wp-json\/wp\/v2\/product\/4579","targetHints":{"allow":["GET"]}}],"collection":[{"href":"https:\/\/www.lovgasmstore.com\/index.php\/wp-json\/wp\/v2\/product"}],"about":[{"href":"https:\/\/www.lovgasmstore.com\/index.php\/wp-json\/wp\/v2\/types\/product"}],"replies":[{"embeddable":true,"href":"https:\/\/www.lovgasmstore.com\/index.php\/wp-json\/wp\/v2\/comments?post=4579"}],"version-history":[{"count":11,"href":"https:\/\/www.lovgasmstore.com\/index.php\/wp-json\/wp\/v2\/product\/4579\/revisions"}],"predecessor-version":[{"id":6071,"href":"https:\/\/www.lovgasmstore.com\/index.php\/wp-json\/wp\/v2\/product\/4579\/revisions\/6071"}],"wp:featuredmedia":[{"embeddable":true,"href":"https:\/\/www.lovgasmstore.com\/index.php\/wp-json\/wp\/v2\/media\/5049"}],"wp:attachment":[{"href":"https:\/\/www.lovgasmstore.com\/index.php\/wp-json\/wp\/v2\/media?parent=4579"}],"wp:term":[{"taxonomy":"product_brand","embeddable":true,"href":"https:\/\/www.lovgasmstore.com\/index.php\/wp-json\/wp\/v2\/product_brand?post=4579"},{"taxonomy":"product_cat","embeddable":true,"href":"https:\/\/www.lovgasmstore.com\/index.php\/wp-json\/wp\/v2\/product_cat?post=4579"},{"taxonomy":"product_tag","embeddable":true,"href":"https:\/\/www.lovgasmstore.com\/index.php\/wp-json\/wp\/v2\/product_tag?post=4579"}],"curies":[{"name":"wp","href":"https:\/\/api.w.org\/{rel}","templated":true}]}}