{"id":4572,"date":"2024-06-05T14:03:56","date_gmt":"2024-06-05T12:03:56","guid":{"rendered":"http:\/\/www.lovgasmstore.com\/index.php\/prodotto\/mia-dooble-pleasure-licking\/"},"modified":"2025-05-15T09:44:51","modified_gmt":"2025-05-15T07:44:51","slug":"mia-dooble-pleasure-licking","status":"publish","type":"product","link":"https:\/\/www.lovgasmstore.com\/index.php\/prodotto\/mia-dooble-pleasure-licking\/","title":{"rendered":"MIA &#8211; DOOBLE PLEASURE LICKING"},"content":{"rendered":"<p data-mce-fragment=\"1\">Sali in cima! Il MIA DOOBLE PLEASURE LICKING &#8211; Il vibratore a forma di rosa con una punta molto birichina che gestisce tutti i picchi di piacere. Con la punta arrotondata dello stimolatore 100% silicone, le vibrazioni circolanti e un totale di 10 combinazioni di vibrazioni, coccola tutte le tue zone erogene come il clitoride, le labbra o i capezzoli, puoi farlo anche in movimento! In questo modo il vibratore a punta pu\u00f2 essere trasportato discretamente anche in viaggio e ti delizia sempre con la sua assoluta versatilit\u00e0.<\/p>\n<p data-mce-fragment=\"1\">ESCURSIONE IN ALTO VOLO<\/p>\n<p data-mce-fragment=\"1\">I 10 programmi di vibrazione del vibratore impermeabile (IPX7) sono costituiti da una velocit\u00e0 e 10 ritmi e ciascuno pu\u00f2 essere combinato con 5 intensit\u00e0. Con un totale di 40 possibili combinazioni, troverai sempre l&#8217;intensit\u00e0 di cui hai bisogno! La punta del MIA DOUBLE PLESURE LICKING \u00e8 realizzata in silicone medico ed \u00e8 stimolante e rigida, rendendo tutti i suoi punti caldi particolarmente mirati e intensamente stimolanti.<\/p>\n<p data-mce-fragment=\"1\">PARLIAMO DEL MASSAGGIATORE ANALE<\/p>\n<p data-mce-fragment=\"1\">Ti piacciono i giochi anali caldi? Allora sei nel posto giusto, perch\u00e9 questo frizzante amante si sente allo stesso modo: \u00e8 stato creato per scoprire il tuo paese delle meraviglie anale con le sue curve formicolanti. Potente motore del piacere rettale con vibrazioni profonde e piacevoli. Si siedono sull&#8217;asta e sulla base, il vibratore anale sale e scende automaticamente! Le vibrazioni possono essere comodamente controllate tramite il pulsante TOUCH di MIA.<\/p>\n<p data-mce-fragment=\"1\">Con la sua piccola punta arrotondata e la superficie flessibile e morbida in silicone, scivola dentro di te con una grazia speciale. Anche per i neofiti del gioco anale, questa voce \u00e8 piacevolmente fluida.<\/p>\n<p data-mce-fragment=\"1\">DAI FORZA!<\/p>\n<p data-mce-fragment=\"1\">Il tuo MIA MIA DOOBLE PLEASURE LICKING \u00e8 dotato di batterie integrate ed \u00e8 quindi ricaricabile ed ecologico. Il cavo di ricarica USB incluso pu\u00f2 essere integrato con una presa di rete standard da 5 V, se necessario.<\/p>\n<p data-mce-fragment=\"1\">PI\u00d9 DIVERTIMENTO CON IL LUBRIFICANTE<\/p>\n<p data-mce-fragment=\"1\">Per il massimo piacere liscio, usa sempre il tuo stimolatore clitorideo o vibratore anale con uno dei lubrificanti a base d&#8217;acqua Waterfeel che sono perfettamente abbinati al prodotto. Questo render\u00e0 la tua esperienza gioiosamente intensa e le dar\u00e0 un ulteriore fattore di variet\u00e0. Sono disponibili nelle versioni classica, setosa e calda. La composizione vegana a base d&#8217;acqua protegge il materiale e mantiene la superficie opaca e setosa del tuo amuleto piacevole ed elastica.<\/p>\n<p data-mce-fragment=\"1\">MATERIALI E CURA<\/p>\n<p data-mce-fragment=\"1\">Il silicone MIA ha il 100% di silicone privo di phalate, incredibilmente flessibile. Impermeabili (IPX6) e abbinati a una pratica impugnatura ergonomica realizzata nello stesso materiale, i giocattoli MIA sono facili da pulire e rimangono igienici a lungo. Il materiale flessibile \u00e8 meravigliosamente scivoloso e si riscalda rapidamente fino alla temperatura corporea. Il tuo vibratore pu\u00f2 essere pulito rapidamente e facilmente con un po&#8217; di sapone e acqua tiepida. Infine, garantisce un&#8217;igiene completa con pochi spruzzi di detergente disinfettante per giocattoli.<\/p>\n<p data-mce-fragment=\"1\">Goditi il tuo giocattolo tanto quanto ci \u00e8 piaciuto realizzarlo per te.<\/p>\n<p data-mce-fragment=\"1\">IL MARCHIO<\/p>\n<p data-mce-fragment=\"1\">MIA &#8211; molto pi\u00f9 di un marchio europeo! Tutto \u00e8 iniziato con la stimolazione attraverso motori innovativi e materiali unici. Il marchio leader mondiale nel benessere sessuale ora arricchisce la vita amorosa di oltre 200.000 donne, uomini e coppie in oltre 100 paesi con una gamma esclusiva di prodotti all&#8217;avanguardia. Con caratteristiche di qualit\u00e0 come silicone di alta qualit\u00e0, 5 anni di garanzia, completamente impermeabile (IPX7) e motori potenti, il marchio europeo di successo \u00e8 sempre attento a combinare la tecnologia con un design eccezionale nei suoi prodotti. Un prodotto assemblato in Spagna con la massima qualit\u00e0 europea.<\/p>\n<div id=\"dimensiones-producto\">\n<span>Dimensioni imballo:\u00a0<\/span><span>130 x 65 x 206 Millimetri<\/span>\n<\/div>\n<div id=\"peso-producto\">\n<span>Peso:\u00a0<\/span><span>254 grammi<\/span>\n<\/div>\n","protected":false},"excerpt":{"rendered":"<p>Sali in cima! Il MIA DOOBLE PLEASURE LICKING &#8211; Il vibratore a forma di rosa con una punta molto birichina che gestisce tutti i picchi di<span class=\"excerpt-hellip\"> [\u2026]<\/span><\/p>\n","protected":false},"featured_media":5022,"comment_status":"open","ping_status":"closed","template":"","meta":[],"product_brand":[],"product_cat":[224,219],"product_tag":[170,165,191,204,178],"class_list":{"0":"post-4572","1":"product","2":"type-product","3":"status-publish","4":"has-post-thumbnail","6":"product_cat-succhia-clitoride","7":"product_cat-vagina","8":"product_tag-donna","9":"product_tag-sextoys","10":"product_tag-succhia-clitoride","11":"product_tag-vibrator","12":"product_tag-vibratore","14":"first","15":"instock","16":"sale","17":"taxable","18":"shipping-taxable","19":"purchasable","20":"product-type-simple"},"_links":{"self":[{"href":"https:\/\/www.lovgasmstore.com\/index.php\/wp-json\/wp\/v2\/product\/4572","targetHints":{"allow":["GET"]}}],"collection":[{"href":"https:\/\/www.lovgasmstore.com\/index.php\/wp-json\/wp\/v2\/product"}],"about":[{"href":"https:\/\/www.lovgasmstore.com\/index.php\/wp-json\/wp\/v2\/types\/product"}],"replies":[{"embeddable":true,"href":"https:\/\/www.lovgasmstore.com\/index.php\/wp-json\/wp\/v2\/comments?post=4572"}],"version-history":[{"count":2,"href":"https:\/\/www.lovgasmstore.com\/index.php\/wp-json\/wp\/v2\/product\/4572\/revisions"}],"predecessor-version":[{"id":6075,"href":"https:\/\/www.lovgasmstore.com\/index.php\/wp-json\/wp\/v2\/product\/4572\/revisions\/6075"}],"wp:featuredmedia":[{"embeddable":true,"href":"https:\/\/www.lovgasmstore.com\/index.php\/wp-json\/wp\/v2\/media\/5022"}],"wp:attachment":[{"href":"https:\/\/www.lovgasmstore.com\/index.php\/wp-json\/wp\/v2\/media?parent=4572"}],"wp:term":[{"taxonomy":"product_brand","embeddable":true,"href":"https:\/\/www.lovgasmstore.com\/index.php\/wp-json\/wp\/v2\/product_brand?post=4572"},{"taxonomy":"product_cat","embeddable":true,"href":"https:\/\/www.lovgasmstore.com\/index.php\/wp-json\/wp\/v2\/product_cat?post=4572"},{"taxonomy":"product_tag","embeddable":true,"href":"https:\/\/www.lovgasmstore.com\/index.php\/wp-json\/wp\/v2\/product_tag?post=4572"}],"curies":[{"name":"wp","href":"https:\/\/api.w.org\/{rel}","templated":true}]}}