{"id":4558,"date":"2024-06-05T14:02:26","date_gmt":"2024-06-05T12:02:26","guid":{"rendered":"http:\/\/www.lovgasmstore.com\/index.php\/prodotto\/je-joue-juno-flex\/"},"modified":"2025-05-15T10:02:31","modified_gmt":"2025-05-15T08:02:31","slug":"je-joue-juno-flex","status":"publish","type":"product","link":"https:\/\/www.lovgasmstore.com\/index.php\/prodotto\/je-joue-juno-flex\/","title":{"rendered":"JE JOUE &#8211; JUNO FLEX"},"content":{"rendered":"<p>Ogni singolo corpo \u00e8 diverso.<\/p>\n<p>Juno Flex \u00e8 stato progettato pensando a questo, sapendo che ogni persona avr\u00e0 punti di piacere leggermente diversi.<\/p>\n<p>Piegare Juno Flex in diverse posizioni consentir\u00e0 a te, o al tuo partner, di esplorare diverse aree del tuo corpo per sensazioni totalmente nuove.<\/p>\n<p>La flessibilit\u00e0 significa che il giocattolo si muover\u00e0 con il tuo corpo, quindi esplorare nuove posizioni e tecniche di masturbazione \u00e8 comodo e facile.<\/p>\n<p><strong>CARATTERISTICHE<\/strong><\/p>\n<ul>\n<li><strong>Stimolazione mirata del punto G<\/strong><\/li>\n<li>\n<b>Tecnologia Body Flex<\/b><span>\u00a0<\/span>: si muove con il tuo corpo per il massimo comfort<\/li>\n<li>\n<b>Motore potente:<\/b><span>\u00a0<\/span>con le vibrazioni profonde e rumorose uniche di Je Joue<\/li>\n<li>\n<strong>Suggerimento Squishy<\/strong><span>\u00a0<\/span>: concediti il massimo comfort<\/li>\n<li>\n<strong>Contorni eleganti<\/strong><span>\u00a0<\/span>: massimo comfort per il massimo piacere<\/li>\n<li>\n<strong>Super morbido:<\/strong><span>\u00a0<\/span>aggiunto uno spesso strato di silicone morbido e vellutato<\/li>\n<\/ul>\n<p><strong>CARATTERISTICHE<\/strong><\/p>\n<ul>\n<li>5 velocit\u00e0<\/li>\n<li>7 modelli<\/li>\n<li>Tranquillo<\/li>\n<li>Sicuro per il corpo<\/li>\n<li>Impermeabile<\/li>\n<li>Ricaricabile<\/li>\n<li>Vegano<\/li>\n<li>Crudelt\u00e0 libera<\/li>\n<li>Altezza 180mm<\/li>\n<li>Larghezza 33 mm<\/li>\n<li>Profondit\u00e0 38mm<\/li>\n<li>Peso 118 g<\/li>\n<\/ul>\n","protected":false},"excerpt":{"rendered":"<p>Ogni singolo corpo \u00e8 diverso. Juno Flex \u00e8 stato progettato pensando a questo, sapendo che ogni persona avr\u00e0 punti di piacere leggermente diversi. Piegare Juno Flex<span class=\"excerpt-hellip\"> [\u2026]<\/span><\/p>\n","protected":false},"featured_media":5000,"comment_status":"open","ping_status":"closed","template":"","meta":[],"product_brand":[],"product_cat":[219,225],"product_tag":[170,190,165,178],"class_list":{"0":"post-4558","1":"product","2":"type-product","3":"status-publish","4":"has-post-thumbnail","6":"product_cat-vagina","7":"product_cat-vibratore","8":"product_tag-donna","9":"product_tag-punto-g","10":"product_tag-sextoys","11":"product_tag-vibratore","13":"first","14":"instock","15":"taxable","16":"shipping-taxable","17":"purchasable","18":"product-type-simple"},"_links":{"self":[{"href":"https:\/\/www.lovgasmstore.com\/index.php\/wp-json\/wp\/v2\/product\/4558","targetHints":{"allow":["GET"]}}],"collection":[{"href":"https:\/\/www.lovgasmstore.com\/index.php\/wp-json\/wp\/v2\/product"}],"about":[{"href":"https:\/\/www.lovgasmstore.com\/index.php\/wp-json\/wp\/v2\/types\/product"}],"replies":[{"embeddable":true,"href":"https:\/\/www.lovgasmstore.com\/index.php\/wp-json\/wp\/v2\/comments?post=4558"}],"version-history":[{"count":2,"href":"https:\/\/www.lovgasmstore.com\/index.php\/wp-json\/wp\/v2\/product\/4558\/revisions"}],"predecessor-version":[{"id":6084,"href":"https:\/\/www.lovgasmstore.com\/index.php\/wp-json\/wp\/v2\/product\/4558\/revisions\/6084"}],"wp:featuredmedia":[{"embeddable":true,"href":"https:\/\/www.lovgasmstore.com\/index.php\/wp-json\/wp\/v2\/media\/5000"}],"wp:attachment":[{"href":"https:\/\/www.lovgasmstore.com\/index.php\/wp-json\/wp\/v2\/media?parent=4558"}],"wp:term":[{"taxonomy":"product_brand","embeddable":true,"href":"https:\/\/www.lovgasmstore.com\/index.php\/wp-json\/wp\/v2\/product_brand?post=4558"},{"taxonomy":"product_cat","embeddable":true,"href":"https:\/\/www.lovgasmstore.com\/index.php\/wp-json\/wp\/v2\/product_cat?post=4558"},{"taxonomy":"product_tag","embeddable":true,"href":"https:\/\/www.lovgasmstore.com\/index.php\/wp-json\/wp\/v2\/product_tag?post=4558"}],"curies":[{"name":"wp","href":"https:\/\/api.w.org\/{rel}","templated":true}]}}