{"id":4548,"date":"2024-06-05T14:01:19","date_gmt":"2024-06-05T12:01:19","guid":{"rendered":"http:\/\/www.lovgasmstore.com\/index.php\/prodotto\/jamyjob-mouth-masturbator\/"},"modified":"2025-05-15T10:09:12","modified_gmt":"2025-05-15T08:09:12","slug":"jamyjob-mouth-masturbator","status":"publish","type":"product","link":"https:\/\/www.lovgasmstore.com\/index.php\/prodotto\/jamyjob-mouth-masturbator\/","title":{"rendered":"JAMYJOB &#8211; MOUTH MASTURBATOR"},"content":{"rendered":"<p data-mce-fragment=\"1\">Secondo gli ultimi studi sulla masturbazione maschile, possiamo estrarre dati interessanti che ci parlano dell&#8217;importanza e dell&#8217;incidenza nei propri uomini, trovando conferma nei risultati di questa macro-indagine.<\/p>\n<p data-mce-fragment=\"1\">Come dato interessante, potremmo rivelare che ogni uomo martuba in media 156 volte l&#8217;anno, significa circa 3 volte a settimana o, ad esempio, i luoghi in cui lo fa sono il 30% sotto la doccia, il 22% in bagno , il 30% in camera da letto e il restante 18% in altri luoghi come il lavoro (circa 1%)<\/p>\n<p data-mce-fragment=\"1\">In <strong>Lovgasm<\/strong> abbiamo sempre avuto conoscenza sia dei benefici che la masturbazione maschile provoca, sia dell&#8217;importanza per gli uomini che \u00e8 evidente nei dati indicati, ecco perch\u00e9 da anni ricerchiamo solo giocattoli che riescono a migliorare e ottimizzare questa abitudine cos\u00ec piacevole ma comune allo stesso tempo.<\/p>\n<p data-mce-fragment=\"1\">Con questo masturbatore con ingresso a forma di bocca, raggiungerai pienamente il nostro piacevole obiettivo, la sua custodia rimovibile di facile pulizia, si adatta alla temperatura corporea e il suo canale interno \u00e8 strutturato rendendo l&#8217;esperienza realistica al 100%, come se fosse sesso reale. Dovrai solo applicare un po&#8217; di lubrificante a base d&#8217;acqua, (Jamyjob consiglia l&#8217;uso di lubrificanti Waterfeel per una lubrificazione ottimale). All&#8217;altra estremit\u00e0 troverete un coperchio a vite con cui regolare la pressione e quindi le sensazioni.<\/p>\n<ul data-mce-fragment=\"1\">\n<li data-mce-fragment=\"1\">Masturbatore con ingresso della bocca<\/li>\n<li data-mce-fragment=\"1\">Sensazione di gola profonda<\/li>\n<li data-mce-fragment=\"1\">Coperchio per regolare la pressione<\/li>\n<li data-mce-fragment=\"1\">Custodia rigida per riporre e trasportare<\/li>\n<li data-mce-fragment=\"1\">Manica interna testurizzata<\/li>\n<li data-mce-fragment=\"1\">Materiale: TPE<\/li>\n<li data-mce-fragment=\"1\">Pulizia facile<\/li>\n<li data-mce-fragment=\"1\">I lubrificanti a base d&#8217;acqua Waterfeel sono consigliati con questo giocattolo.<\/li>\n<\/ul>\n<p data-mce-fragment=\"1\"><strong data-mce-fragment=\"1\">Jamyjob<\/strong><span data-mce-fragment=\"1\">\u00a0<\/span>\u00e8 il risultato di una moltitudine di studi legati all&#8217;uso di materiali di prima qualit\u00e0 nel suo fermo scopo di offrire le ultime tecnologie sul mercato adatte al piacere degli adulti.<\/p>\n<div id=\"dimensiones-producto\">\n<span>Dimensioni imballo:\u00a0<\/span><span>250 x 90 x 90 Millimetri<\/span>\n<\/div>\n<div id=\"peso-producto\">\n<span>Peso:\u00a0<\/span><span>456 grammi<\/span>\n<\/div>\n","protected":false},"excerpt":{"rendered":"<p>Secondo gli ultimi studi sulla masturbazione maschile, possiamo estrarre dati interessanti che ci parlano dell&#8217;importanza e dell&#8217;incidenza nei propri uomini, trovando conferma nei risultati di questa<span class=\"excerpt-hellip\"> [\u2026]<\/span><\/p>\n","protected":false},"featured_media":4957,"comment_status":"open","ping_status":"closed","template":"","meta":[],"product_brand":[],"product_cat":[229,220],"product_tag":[213,214,165,182],"class_list":{"0":"post-4548","1":"product","2":"type-product","3":"status-publish","4":"has-post-thumbnail","6":"product_cat-masturbatori","7":"product_cat-pene","8":"product_tag-bocca","9":"product_tag-masturbatore-pene","10":"product_tag-sextoys","11":"product_tag-uomo","13":"first","14":"instock","15":"sale","16":"taxable","17":"shipping-taxable","18":"purchasable","19":"product-type-simple"},"_links":{"self":[{"href":"https:\/\/www.lovgasmstore.com\/index.php\/wp-json\/wp\/v2\/product\/4548","targetHints":{"allow":["GET"]}}],"collection":[{"href":"https:\/\/www.lovgasmstore.com\/index.php\/wp-json\/wp\/v2\/product"}],"about":[{"href":"https:\/\/www.lovgasmstore.com\/index.php\/wp-json\/wp\/v2\/types\/product"}],"replies":[{"embeddable":true,"href":"https:\/\/www.lovgasmstore.com\/index.php\/wp-json\/wp\/v2\/comments?post=4548"}],"version-history":[{"count":2,"href":"https:\/\/www.lovgasmstore.com\/index.php\/wp-json\/wp\/v2\/product\/4548\/revisions"}],"predecessor-version":[{"id":6090,"href":"https:\/\/www.lovgasmstore.com\/index.php\/wp-json\/wp\/v2\/product\/4548\/revisions\/6090"}],"wp:featuredmedia":[{"embeddable":true,"href":"https:\/\/www.lovgasmstore.com\/index.php\/wp-json\/wp\/v2\/media\/4957"}],"wp:attachment":[{"href":"https:\/\/www.lovgasmstore.com\/index.php\/wp-json\/wp\/v2\/media?parent=4548"}],"wp:term":[{"taxonomy":"product_brand","embeddable":true,"href":"https:\/\/www.lovgasmstore.com\/index.php\/wp-json\/wp\/v2\/product_brand?post=4548"},{"taxonomy":"product_cat","embeddable":true,"href":"https:\/\/www.lovgasmstore.com\/index.php\/wp-json\/wp\/v2\/product_cat?post=4548"},{"taxonomy":"product_tag","embeddable":true,"href":"https:\/\/www.lovgasmstore.com\/index.php\/wp-json\/wp\/v2\/product_tag?post=4548"}],"curies":[{"name":"wp","href":"https:\/\/api.w.org\/{rel}","templated":true}]}}