{"id":4527,"date":"2024-06-05T13:58:49","date_gmt":"2024-06-05T11:58:49","guid":{"rendered":"http:\/\/www.lovgasmstore.com\/index.php\/prodotto\/ovetto-vibrante-intense-flippy-ii-con-telecomando-nero\/"},"modified":"2025-05-15T10:44:26","modified_gmt":"2025-05-15T08:44:26","slug":"ovetto-vibrante-intense-flippy-ii-con-telecomando-nero","status":"publish","type":"product","link":"https:\/\/www.lovgasmstore.com\/index.php\/prodotto\/ovetto-vibrante-intense-flippy-ii-con-telecomando-nero\/","title":{"rendered":"INTENSE &#8211; OVETTO VIBRANTE FLIPPY II CON TELECOMANDO NERO"},"content":{"rendered":"<p data-mce-fragment=\"1\" _msttexthash=\"20699614\" _msthash=\"973\">Intense \u00e8 dotato di un sistema di vibrazione intelligente innovativo, potente e silenzioso, un uovo telecomandato in cui \u00e8 possibile scegliere tra 10 eccitanti velocit\u00e0 di vibrazione orgasmica.<\/p>\n<p data-mce-fragment=\"1\" _msttexthash=\"3456726\" _msthash=\"974\">Progettato per la stimolazione vaginale come lo sfregamento del clitoride.<\/p>\n<p data-mce-fragment=\"1\" _msttexthash=\"4546035\" _msthash=\"975\">Il TUO telecomando a lungo raggio INTENSE ti offre le migliori funzionalit\u00e0 sul mercato.<\/p>\n<p data-mce-fragment=\"1\" _msttexthash=\"56211311\" _msthash=\"976\">Ovunque, goditi il piacere del telecomando&#8230; Oh s\u00ec! Goditi il piacere e vibra sotto il telecomando del tuo partner. FLIPPY EGG II \u00e8 un ovetto con telecomando vaginale che permette alle coppie e ai single audaci di trasformare le loro fantasie in realt\u00e0. Prova un&#8217;eccitazione favolosa in qualsiasi momento. Il dove e il come si sceglie.<\/p>\n<p data-mce-fragment=\"1\" _msttexthash=\"47569587\" _msthash=\"977\">Con un raggio del telecomando di 10 metri, le tue serate non saranno mai pi\u00f9 le stesse. Goditi l&#8217;attesa del piacere privato nei luoghi pubblici. I 12 livelli di vibrazione lasciano un sacco di potere nelle tue mani e nelle mani del tuo partner, il potere di usarlo maliziosamente e lasciarti implorare di pi\u00f9.<\/p>\n<p data-mce-fragment=\"1\" _msttexthash=\"20382947\" _msthash=\"978\">Inoltre, il Flippy II include un sistema di spegnimento automatico intelligente, quindi se non lo usi per cinque minuti, si spegner\u00e0 automaticamente per ottimizzare l&#8217;utilizzo della batteria.<\/p>\n<p data-mce-fragment=\"1\" _msttexthash=\"1766414\" _msthash=\"979\">INTENSE \u00e8 realizzato in silicone liscio come la seta.<\/p>\n<ul data-mce-fragment=\"1\">\n<li data-mce-fragment=\"1\" _msttexthash=\"525616\" _msthash=\"980\">12 Funzioni di vibrazione<\/li>\n<li data-mce-fragment=\"1\" _msttexthash=\"178243\" _msthash=\"981\">Telecomando<\/li>\n<li data-mce-fragment=\"1\" _msttexthash=\"854139\" _msthash=\"982\">USB ricaricabile (cavo USB incluso)<\/li>\n<li data-mce-fragment=\"1\" _msttexthash=\"486668\" _msthash=\"983\">100% silicone morbido + ABS<\/li>\n<li data-mce-fragment=\"1\" _msttexthash=\"162461\" _msthash=\"984\">Silenzioso<\/li>\n<li data-mce-fragment=\"1\" _msttexthash=\"644371\" _msthash=\"985\">Dimensioni dell&#8217;uovo: 70 x 28 mm<\/li>\n<li data-mce-fragment=\"1\" _msttexthash=\"614861\" _msthash=\"986\">Dimensioni manopola: 75 x 45 mm<\/li>\n<li data-mce-fragment=\"1\" _msttexthash=\"205270\" _msthash=\"987\">Senza ftalati<\/li>\n<\/ul>\n<p data-mce-fragment=\"1\" _msttexthash=\"38935624\" _msthash=\"988\">Poich\u00e9 questo potente uovo vibrante \u00e8 sensibile alla temperatura, quando lo inserisci sentirai il suo corpo rotondo e piccolo e noterai come il suo calore aumenta gradualmente. La forma delle sue stringhe lo rende facile e comodo da rimuovere. Essendo comprensivo con il tuo<\/p>\n<p data-mce-fragment=\"1\" _msttexthash=\"1983787\" _msthash=\"989\">\u00c8 completamente anallergico, morbido e sicuro al tatto.<\/p>\n<p data-mce-fragment=\"1\" _msttexthash=\"5874505\" _msthash=\"990\">Perfettamente confezionato in elegante scatola bianca. Aprire un uovo Intense \u00e8 un lusso, contiene;<\/p>\n<ul data-mce-fragment=\"1\">\n<li data-mce-fragment=\"1\" _msttexthash=\"388271\" _msthash=\"991\">Telecomando per uova<\/li>\n<li data-mce-fragment=\"1\" _msttexthash=\"93093\" _msthash=\"992\">Comando<\/li>\n<li data-mce-fragment=\"1\" _msttexthash=\"91078\" _msthash=\"993\">Cavo Usb<\/li>\n<\/ul>\n","protected":false},"excerpt":{"rendered":"<p>Intense \u00e8 dotato di un sistema di vibrazione intelligente innovativo, potente e silenzioso, un uovo telecomandato in cui \u00e8 possibile scegliere tra 10 eccitanti velocit\u00e0 di<span class=\"excerpt-hellip\"> [\u2026]<\/span><\/p>\n","protected":false},"featured_media":4902,"comment_status":"open","ping_status":"closed","template":"","meta":[],"product_brand":[],"product_cat":[226,219],"product_tag":[170,188,165,178],"class_list":{"0":"post-4527","1":"product","2":"type-product","3":"status-publish","4":"has-post-thumbnail","6":"product_cat-massaggiatore","7":"product_cat-vagina","8":"product_tag-donna","9":"product_tag-massaggiatore","10":"product_tag-sextoys","11":"product_tag-vibratore","13":"first","14":"instock","15":"taxable","16":"shipping-taxable","17":"purchasable","18":"product-type-simple"},"_links":{"self":[{"href":"https:\/\/www.lovgasmstore.com\/index.php\/wp-json\/wp\/v2\/product\/4527","targetHints":{"allow":["GET"]}}],"collection":[{"href":"https:\/\/www.lovgasmstore.com\/index.php\/wp-json\/wp\/v2\/product"}],"about":[{"href":"https:\/\/www.lovgasmstore.com\/index.php\/wp-json\/wp\/v2\/types\/product"}],"replies":[{"embeddable":true,"href":"https:\/\/www.lovgasmstore.com\/index.php\/wp-json\/wp\/v2\/comments?post=4527"}],"version-history":[{"count":2,"href":"https:\/\/www.lovgasmstore.com\/index.php\/wp-json\/wp\/v2\/product\/4527\/revisions"}],"predecessor-version":[{"id":6101,"href":"https:\/\/www.lovgasmstore.com\/index.php\/wp-json\/wp\/v2\/product\/4527\/revisions\/6101"}],"wp:featuredmedia":[{"embeddable":true,"href":"https:\/\/www.lovgasmstore.com\/index.php\/wp-json\/wp\/v2\/media\/4902"}],"wp:attachment":[{"href":"https:\/\/www.lovgasmstore.com\/index.php\/wp-json\/wp\/v2\/media?parent=4527"}],"wp:term":[{"taxonomy":"product_brand","embeddable":true,"href":"https:\/\/www.lovgasmstore.com\/index.php\/wp-json\/wp\/v2\/product_brand?post=4527"},{"taxonomy":"product_cat","embeddable":true,"href":"https:\/\/www.lovgasmstore.com\/index.php\/wp-json\/wp\/v2\/product_cat?post=4527"},{"taxonomy":"product_tag","embeddable":true,"href":"https:\/\/www.lovgasmstore.com\/index.php\/wp-json\/wp\/v2\/product_tag?post=4527"}],"curies":[{"name":"wp","href":"https:\/\/api.w.org\/{rel}","templated":true}]}}