{"id":4491,"date":"2024-06-05T13:54:44","date_gmt":"2024-06-05T11:54:44","guid":{"rendered":"http:\/\/www.lovgasmstore.com\/index.php\/prodotto\/fantasy-for-her-punto-g\/"},"modified":"2025-04-15T18:16:49","modified_gmt":"2025-04-15T16:16:49","slug":"fantasy-for-her-punto-g","status":"publish","type":"product","link":"https:\/\/www.lovgasmstore.com\/index.php\/prodotto\/fantasy-for-her-punto-g\/","title":{"rendered":"FANTASY FOR HER &#8211; PUNTO G"},"content":{"rendered":"<div class=\"desktop\" id=\"contenido_textos_avanzados_pestanyas\">\n<div class=\"pestanyaCliente descripcionLarga\" id=\"div_textos_avanzados_pestanyas_descripcion_larga\" itemprop=\"description\">\n<p>Si riferiva al suo punto G come al suo punto della dea. Quando aveva provato a trovarlo per la prima volta non era esattamente sicura di dove fosse situato all&#8217;interno della sua vagina. Ma quando ha fatto scivolare il suo punto G Stimulate-Her dentro di s\u00e9, la forma curva premette automaticamente contro il suo sfuggente punto G, e dopo non ebbe dubbi sulla sua posizione. Ora era pronta per scoprire il suo primo orgasmo del punto G. Ha premuto il pulsante della funzione di riscaldamento per farla riscaldare Stimulate-Her fino a un confortevole 104 gradi. Il calore era piacevole.<\/p>\n<p>Ha usato il telecomando per attivare la vibrazione silenziosa. Wow. Entrambi i motori erano potenti e hanno eccitato il suo clitoride e il punto G allo stesso tempo. Sent\u00ec la piccola porzione della coda solleticare il suo perineo oltre la vagina. La vibrazione solleticante qui era una nuova sensazione per lei e si stup\u00ec di come elettrizzasse i suoi sensi. Premette di nuovo il telecomando per aumentare l&#8217;intensit\u00e0 della vibrazione. Le sue palpebre sbatterono mentre il piacere dentro di lei cresceva. Premette ancora e ancora e godette di ciascuna delle sensazioni uniche dei vari modelli di vibrazione.<\/p>\n<p>Aveva sentito che ci vuole pi\u00f9 tempo per raggiungere un orgasmo del punto G, quindi si \u00e8 presa il suo tempo permettendo ai sentimenti incredibilmente elettrizzanti di sopraffarla di piacere. Si ritrov\u00f2 a dondolare mentre entrava in questo intenso stato orgasmico. Ha sentito il suo orgasmo attraversarla e ha sentito forti contrazioni nei muscoli del PC e nel pavimento pelvico. Non era come niente che avesse mai provato prima! Il suo orgasmo sembrava continuare all&#8217;infinito e durare un&#8217;eternit\u00e0. Il suo corpo finalmente si rilass\u00f2 e riprese fiato, sentendosi pi\u00f9 rilassata e appagata che mai. Pi\u00f9 tardi, quando ha condiviso il telecomando con il suo amante, sapeva che si sarebbe ritrovata a provare di nuovo questo piacere incredibilmente unico. Oh s\u00ec, vorrebbe ardentemente gli orgasmi del punto G. Era agganciata.<\/p>\n<p>Riguarda lei.<\/p>\n<ul>\n<li>Lunghezza: 4,5 pollici &#8211; (11 cm)<\/li>\n<li>Larghezza: 4,5 pollici &#8211; (114 mm)<\/li>\n<li>Altezza: 4,5 pollici &#8211; (11 cm)<\/li>\n<li>Lunghezza inseribile: 3,5 pollici &#8211; (89 mm)<\/li>\n<li>Peso: 4,6 once (130,41 grammi)<\/li>\n<\/ul>\n<\/div>\n<\/div>\n<div class=\"datosProducto\">\n<div class=\"fichaMarca\">\n<h6 id=\"marca\"><\/h6>\n<\/div>\n<\/div>\n","protected":false},"excerpt":{"rendered":"<p>Si riferiva al suo punto G come al suo punto della dea. Quando aveva provato a trovarlo per la prima volta non era esattamente sicura di<span class=\"excerpt-hellip\"> [\u2026]<\/span><\/p>\n","protected":false},"featured_media":4759,"comment_status":"open","ping_status":"closed","template":"","meta":[],"product_brand":[],"product_cat":[227,219,225],"product_tag":[170,190,165,178],"class_list":{"0":"post-4491","1":"product","2":"type-product","3":"status-publish","4":"has-post-thumbnail","6":"product_cat-dildo","7":"product_cat-vagina","8":"product_cat-vibratore","9":"product_tag-donna","10":"product_tag-punto-g","11":"product_tag-sextoys","12":"product_tag-vibratore","14":"first","15":"instock","16":"taxable","17":"shipping-taxable","18":"purchasable","19":"product-type-simple"},"_links":{"self":[{"href":"https:\/\/www.lovgasmstore.com\/index.php\/wp-json\/wp\/v2\/product\/4491","targetHints":{"allow":["GET"]}}],"collection":[{"href":"https:\/\/www.lovgasmstore.com\/index.php\/wp-json\/wp\/v2\/product"}],"about":[{"href":"https:\/\/www.lovgasmstore.com\/index.php\/wp-json\/wp\/v2\/types\/product"}],"replies":[{"embeddable":true,"href":"https:\/\/www.lovgasmstore.com\/index.php\/wp-json\/wp\/v2\/comments?post=4491"}],"version-history":[{"count":2,"href":"https:\/\/www.lovgasmstore.com\/index.php\/wp-json\/wp\/v2\/product\/4491\/revisions"}],"predecessor-version":[{"id":6121,"href":"https:\/\/www.lovgasmstore.com\/index.php\/wp-json\/wp\/v2\/product\/4491\/revisions\/6121"}],"wp:featuredmedia":[{"embeddable":true,"href":"https:\/\/www.lovgasmstore.com\/index.php\/wp-json\/wp\/v2\/media\/4759"}],"wp:attachment":[{"href":"https:\/\/www.lovgasmstore.com\/index.php\/wp-json\/wp\/v2\/media?parent=4491"}],"wp:term":[{"taxonomy":"product_brand","embeddable":true,"href":"https:\/\/www.lovgasmstore.com\/index.php\/wp-json\/wp\/v2\/product_brand?post=4491"},{"taxonomy":"product_cat","embeddable":true,"href":"https:\/\/www.lovgasmstore.com\/index.php\/wp-json\/wp\/v2\/product_cat?post=4491"},{"taxonomy":"product_tag","embeddable":true,"href":"https:\/\/www.lovgasmstore.com\/index.php\/wp-json\/wp\/v2\/product_tag?post=4491"}],"curies":[{"name":"wp","href":"https:\/\/api.w.org\/{rel}","templated":true}]}}