{"id":4443,"date":"2024-06-05T13:48:58","date_gmt":"2024-06-05T11:48:58","guid":{"rendered":"http:\/\/www.lovgasmstore.com\/index.php\/prodotto\/adapta-senso\/"},"modified":"2025-05-12T18:19:30","modified_gmt":"2025-05-12T16:19:30","slug":"adapta-senso","status":"publish","type":"product","link":"https:\/\/www.lovgasmstore.com\/index.php\/prodotto\/adapta-senso\/","title":{"rendered":"CONTROL &#8211; ADAPTA SENSO 144 UNITA&#8217;"},"content":{"rendered":"<p><meta charset=\"UTF-8\"><\/p>\n<p data-mce-fragment=\"1\">Lo speciale design di Control Adapta Senso consente una perfetta adattabilit\u00e0, rendendo il tuo rapporto sessuale pi\u00f9 soddisfacente.<\/p>\n<p data-mce-fragment=\"1\">Il suo spessore ancora pi\u00f9 sottile aumenta anche la sensibilit\u00e0 durante il rapporto.<\/p>\n<div class=\"rte\" id=\"idTab1\" data-mce-fragment=\"1\">\n<p data-mce-fragment=\"1\">Control Adapta Senso \u00e8 un preservativo in lattice di gomma naturale di altissima qualit\u00e0, sottile, liscio, anatomico, con lati non paralleli, trasparente, lubrificato e con un deposito<\/p>\n<ul data-mce-fragment=\"1\">\n<li data-mce-fragment=\"1\">Dermatologicamente testato.<\/li>\n<li data-mce-fragment=\"1\">Larghezza nominale: 54 mm.<\/li>\n<li data-mce-fragment=\"1\">Box 144 preservativi.<\/li>\n<\/ul>\n<\/div>\n","protected":false},"excerpt":{"rendered":"<p>Lo speciale design di Control Adapta Senso consente una perfetta adattabilit\u00e0, rendendo il tuo rapporto sessuale pi\u00f9 soddisfacente. Il suo spessore ancora pi\u00f9 sottile aumenta anche<span class=\"excerpt-hellip\"> [\u2026]<\/span><\/p>\n","protected":false},"featured_media":4637,"comment_status":"open","ping_status":"closed","template":"","meta":[],"product_brand":[],"product_cat":[237,238,239],"product_tag":[212,165,182,204],"class_list":{"0":"post-4443","1":"product","2":"type-product","3":"status-publish","4":"has-post-thumbnail","6":"product_cat-preservativi","7":"product_cat-preservativo-naturale","8":"product_cat-preservativo-ultrasottile","9":"product_tag-control","10":"product_tag-sextoys","11":"product_tag-uomo","12":"product_tag-vibrator","14":"first","15":"instock","16":"taxable","17":"shipping-taxable","18":"purchasable","19":"product-type-simple"},"_links":{"self":[{"href":"https:\/\/www.lovgasmstore.com\/index.php\/wp-json\/wp\/v2\/product\/4443","targetHints":{"allow":["GET"]}}],"collection":[{"href":"https:\/\/www.lovgasmstore.com\/index.php\/wp-json\/wp\/v2\/product"}],"about":[{"href":"https:\/\/www.lovgasmstore.com\/index.php\/wp-json\/wp\/v2\/types\/product"}],"replies":[{"embeddable":true,"href":"https:\/\/www.lovgasmstore.com\/index.php\/wp-json\/wp\/v2\/comments?post=4443"}],"version-history":[{"count":2,"href":"https:\/\/www.lovgasmstore.com\/index.php\/wp-json\/wp\/v2\/product\/4443\/revisions"}],"predecessor-version":[{"id":6149,"href":"https:\/\/www.lovgasmstore.com\/index.php\/wp-json\/wp\/v2\/product\/4443\/revisions\/6149"}],"wp:featuredmedia":[{"embeddable":true,"href":"https:\/\/www.lovgasmstore.com\/index.php\/wp-json\/wp\/v2\/media\/4637"}],"wp:attachment":[{"href":"https:\/\/www.lovgasmstore.com\/index.php\/wp-json\/wp\/v2\/media?parent=4443"}],"wp:term":[{"taxonomy":"product_brand","embeddable":true,"href":"https:\/\/www.lovgasmstore.com\/index.php\/wp-json\/wp\/v2\/product_brand?post=4443"},{"taxonomy":"product_cat","embeddable":true,"href":"https:\/\/www.lovgasmstore.com\/index.php\/wp-json\/wp\/v2\/product_cat?post=4443"},{"taxonomy":"product_tag","embeddable":true,"href":"https:\/\/www.lovgasmstore.com\/index.php\/wp-json\/wp\/v2\/product_tag?post=4443"}],"curies":[{"name":"wp","href":"https:\/\/api.w.org\/{rel}","templated":true}]}}